 -27 - 4?
-40
What is the value of 95 - 96 - -72 - -20?
91
Evaluate -61 - ((-6 - 0) + -269 + 282 - 16).
-52
What is the value of 20 - (37 + 10 + 15 + -9)?
-33
Calculate 49 + (-10 - (12 - 7) - 0 - -15).
49
Calculate 11 - (0 + 8 - (-19 - (-39 + 20))) - -22.
25
What is 3 + (-58 - ((-14 - -12 - -1) + -14 - -14))?
-54
Calculate 70 + -39 + -49 + (45 - -3).
30
Evaluate (39 - (-49 + 84)) + -36.
-32
Calculate -52 + -7 + (73 - 49).
-35
Calculate -14 + -5 + 60 + -17.
24
What is the value of 0 - (3 - 55) - (-2 + 4 + (4 - 12))?
58
-93 - (12 - 43) - -101
39
What is the value of 7 + (6 - (-7 + -2 + -30 + 50 + -15))?
17
What is (3 + 7 - 49) + (-4 - 3 - -22)?
-24
What is -3 + -3 + (13 - 1 - 21) + 33?
18
Calculate -50 + 146 + (111 + -116 - (1 - -6)).
84
What is the value of 3234 - 3160 - (2 - -23)?
49
What is 36 + -24 + -15 + 5 + -35?
-33
Calculate -9 - (0 - -18 - (1 - (-8 + (17 - 12)))).
-23
(19 - 31) + 90 + -17
61
365 + -415 - (-23 + 1) - (-1 + 17)
-44
Calculate -223 + 131 + (9 - (-1 + 12)) + 4.
-90
What is -30 + 116 + -52 - 1?
33
-36 + -110 + (-18 - -208)
44
What is the value of (-7 - -76) + 11 + (7 + -16 - 6)?
65
Evaluate (103 + -86 - 178) + 55.
-106
Calculate (-39 - 5) + (-194 - -169) + (12 - -1) - -3.
-53
What is (-15 - (-14 + (-20 - -4) + 25)) + -60?
-70
What is 1 - -40 - (-132 + 89)?
84
Calculate -6 - -18 - (36 + 6) - 13.
-43
What is the value of 82 - 113 - -35 - (-41 + -1)?
46
Evaluate (-38 - (-57 + 8)) + -2 + 2 + 15.
26
Calculate 7 + -21 + 1 - (-110 - -35).
62
Calculate 39 + (-50 - -52) + -51 + (2 - (-125 - 2)).
119
Evaluate -66 + 74 + 1 + -27 + (-130 - -180).
32
What is 5 + 11 - (76 + -62) - (-9 - (5 + -1))?
15
Evaluate -5 + (36 - 54) - 68.
-91
What is -23 + 58 + (-8 - -49)?
76
Evaluate 152 + -79 + -45 + -13 + 1.
16
Calculate -1079 - -1091 - (34 + (3 + -1 - 1)).
-23
Calculate (17 + 3 + -17 - (-2 + 15)) + 91 + -6.
75
Calculate -53 + 25 + 0 + -4 + -15 + 22.
-25
Evaluate 20 - (10 - (-9 + 58)) - 17.
42
Calculate 24 + -1 + (858 - 860) + 57 + -1 + -2.
75
(13 + -1 - 27) + (5 - -1 - (-109 + 101))
-1
((17 - 3) + -4 - 2) + -39 + (13 - -3)
-15
What is (-6 + (10 - (-5 - -1)) - -5) + -50?
-37
What is (49 - 0) + (-2776 - -2734)?
7
Calculate 1 + -32 + (-41 - (-22 + -3) - -24).
-23
What is 1 - (2 - 55) - (18 - 29) - -19?
84
Calculate -149 + (118 - 25) + -23.
-79
Calculate (-17 - (-143 + 39)) + 44 + -19.
112
Evaluate 228 + (-140 + 144 - 137).
95
Evaluate 5 + 3 + 1 + -24 + 40.
25
98 + -2 - (1734 - 1675)
37
What is the value of (0 - -1) + (-15 - ((-5 - 2) + -12))?
5
-15 + 38 + -3 + -31 - (0 - -2)
-13
Calculate 55 + (49 + -128 - 13).
-37
Evaluate (0 - 17) + (35 - -90) + -100.
8
11 + 0 + (-13 - (9 + -10)) + -37
-38
Calculate (-3 - -7) + (18 - (17 + -17)) + -7.
15
What is 32 + (-824 - -834 - ((-2 - -23) + 0 - 2))?
23
Calculate -3 + (-13 - -2) + -30 - -19.
-25
34 + -7 + (-19 + 11 - (-15 + -4)) + -4
34
What is the value of 41 + (-4 + -16 + (24 - 22) - -12)?
35
Calculate (7 - -9 - (5 - 6 - -12)) + -59.
-54
What is (-49 - (-13 + -7 + 8 + 11)) + 1 + 2?
-45
Evaluate 34 - ((-21 - -11) + 11 + 18).
15
What is the value of -114 - (-177 + -2 - -90)?
-25
What is (64 + -25 - 56) + 49?
32
Evaluate 39 - (92 - (-52 + 92)).
-13
What is the value of -105 - 42 - ((-24 - 9) + 10 + 2)?
-126
What is the value of 0 + 23 - (-79 + 108 - 61)?
55
What is (11 - -15) + 33 - 90?
-31
Evaluate 5 + -11 + 98 + -2 + -14.
76
(-17 + 4 + -95 - 33) + 15
-126
Evaluate -8 + 38 + 1 - 0.
31
5 + 5 + 0 + 1 + 41 + -122
-70
What is (-83 + 25 - -13) + (3 + -10 - 3)?
-55
Calculate -2 + -14 + (60 - -22) + -76 + 17.
7
-129 - -43 - ((0 - 1) + -15)
-70
Calculate (9 - 4 - (16 - (2 + 9))) + -28 - 5.
-33
Calculate 7 + -4 + 8 - (-141 + 214) - (1 + -10).
-53
Calculate -41 + 2 + 5 + (48 - 29).
-15
Calculate -6 - ((50 - 73) + -4).
21
What is -754 + 766 - (21 + -3)?
-6
Evaluate 120 - ((115 - 118) + (3 - (-5 - -6)) + -9).
130
(-1 - 0) + (-13 + -1 - (123 + -56)) - 4
-86
What is 46 + -8 + (26 + -1 - (-21 - -4 - -22))?
58
What is 27 + -1 - (-17 - (46 - 90))?
-1
Evaluate -17 + 58 + -39 - (4 + (-54 - 1)).
53
What is (-16 - (36 + -101)) + (6 - 6)?
49
What is -2 + (5 - (53 + -2 + -9 - -23))?
-62
What is -54 - (16 + -20) - -107 - 34?
23
-48 + 1 + 10 + -16 - (-4 + 1)
-50
Calculate 75 - (123 - 106) - 37.
21
What is 56 + 64 + -57 - 7?
56
Evaluate (29 - (11 + 28 - 12)) + 1 + -23.
-20
Evaluate -58 - (-26 - 2 - -8) - -27.
-11
Evaluate 1 + 108 - 7 - ((-7 - -13) + 10).
86
What is (105 - 194) + 7 + (-8 - 12) - -14?
-88
-32 - (-2 - 2) - -4 - -29
5
What is 96 + (76 - 160) - (1 + -1 + 8 + -4)?
8
(0 - 3) + (0 + (9 - 7) - 7)
-8
Calculate 1 - 1 - 42 - ((51 - 81) + -28 - -45).
-29
Calculate (19 + -14 - 26 - -14 - -8) + -24.
-23
What is (-4 - 9) + 4 - (110 + -157 - 93)?
131
What is the value of (1825 + -1807 - (-26 + -1 + 2)) + -9?
34
Evaluate -2 + -83 - (-25 + (-1324 - -1306) + (0 - -28)).
-70
Calculate 14 + -2 + -17 + (17 - (30 - 25)).
7
Calculate (122 - (-44 + 107)) + 43.
102
Evaluate (-4 - -6 - 32) + 4515 + -4431.
54
Calculate 129 + (25 - (0 - -130)).
24
35 - 74 - (7 + (16 - 0))
-62
What is the value of (2535 - 2534) + (-55 - -1)?
-53
What is (-10 - (26 + -34) - (6 + 2)) + 71?
61
What is -7 + -11 + 1 + (1027 - 1040)?
-30
Calculate (2 - (-2 + 2)) + (-5 - -72) - (4716 - 4706).
59
25 - 1 - (2387 + -2397)
34
-75 - (-44 - 3) - 40 - -46
-22
What is the value of -13 + 19 + -26 + 19 + 7?
6
Evaluate (7 + -5 - (57 + 22 + -19)) + (1 - -8).
-49
Evaluate -18 + (-3 - -55) + 80 + -93.
21
Evaluate -3 + -2 + 16 + (4 - 16) + 59.
58
What is the value of 22 + (17 - 19) + -47 + 19?
-8
(-32 - 20) + 45 + -23
-30
What is the value of 84 + (90 - 61) + -93?
20
Calculate -10 + 3 + 7 - (446 - 457).
11
Calculate -1 - (15 - (58 - 33)) - (-2 + 105 - 0).
-94
What is (-588 - -629) + (-51 - -4)?
-6
Calculate 14 - (2 - 8) - (5 + 3 - 5).
17
What is 1 + -16 + -6 + -19 - -104?
64
1 + 7 + -25 + 2 - -8 - (-2 - 13)
8
What is 46 + -1 - ((162 - 32) + -125)?
40
Evaluate -7 + 41 - 15 - (4 - (-137 - 10)).
-132
(-2 - (-15 - -2)) + (82 - (0 - -52))
41
What is the value of -22 + 16 + -20 + 0 + 10 + 132?
116
What is the value of -4 + 133 + -119 - -13?
23
Calculate (-41 - 13) + 16 - (-23 + 0).
-15
What is (38 - -29) + -41 - 95?
-69
-93 + -1 + (-3294 - -3341)
-47
What is (94 + -116 - (5 - 14)) + (3 - 99)?
-109
71 - (30 + 45) - (17 - 3)
-18
Calculate 17 + (-24 - 6) + 11 + -19.
-21
Evaluate -39 - (-86 + 60) - (-4 - (-2 + 1)).
-10
What is 115 - (118 + -12) - (26 - -1)?
-18
What is 24 + 23 + (7 - -7) + -12 + -1?
48
What is the value of (-54 - (3 + (-10 - 3))) + 14?
-30
What is the value of -5 + -1 + 32 + 10 + 2 + 4?
42
What is 18 + -99 - 37 - -13?
-105
What is 110 + (-3 - (-2 + -5)) + (17 - 16) + -14?
101
16 + -2 + 12 + 12 + -27 + -62
-51
What is the value of -75 + (-88 - -19) + 111?
-33
What is the value of (20 - (-66 - -43)) + -59?
-16
What is 33 + -45 + -3 - 31?
-46
Evaluate (6 - (-8 - -33)) + (24 - -1 - -19).
25
What is the value of 121 + 7 + -6 - (-70 + 87)?
105
109 + -70 + 78 - 188
-71
21 + 5 + -4 + -17 + 38 + 6
49
Calculate 104 - ((-23 - 106) + 175).
58
Calculate -24 + (28 - (131 + -30)).
-97
What is the value of 221 + -221 + (-4 - -148)?
144
Calculate -1 - -24 - (-10 + -1 + 7 + -7 + 5).
29
Calculate (-4 - 1) + (4 - -24) + -27.
-4
86 + 3 + (0 + (13 + -2 - 15) - 9)
76
What is the value of -8 + (22 - (-8 + (3 - -2)))?
17
-56 - 1 - -48 - 58
-67
Evaluate 36 + -2 - (-76 + 63 - (3 - (-5 + 29))).
26
What is 9 + (-4 + (-39 - 6) - -12) - 1?
-29
What is the value of -23 + -18 + -18 + 51 - (-2 + 0 + -3)?
-3
What is the value of -4 + -62 + (0 - -8 - (21 + 4 + -25))?
-58
-7 - 2 - ((32 - -9) + (-11 - -4))
-43
What is the value of -7 + 28 + -24 + 35 - 43?
-11
Evaluate 16 - (13 - (-63 - (-20 + 1) - -2)).
-39
What is -3 + (-6 - (-9 + 11)) - (7 - -2)?
-20
What is the value of 10 + -25 + 7 + 12 + 39?
43
Evaluate 22 + (55 + 11 - 69).
19
What is 185 + -52 + -16 - (2 - -3)?
112
What is the value of 32 + (-3 + -5 - 194) + 48?
-122
(-37 - -8) + 54 + 68
93
What is the value of -6 - (-27 + -23 + 53) - (31 + 0)?
-40
Evaluate 0 - (-103 - 0) - (17 - (-1 + 2)).
87
Evaluate 8 + 26 - (14 + 33 + -23).
10
What is -49 + 57 - (-4 - (1 - 9) - 26)?
30
(13 - -2 - -4) + (-13 - 7 - -16)
15
What is the value of -205 - -211 - (4 - (-37 - 4 - 4))?
-43
What is 1 + -74 - (-27 + 20 + (21 + -39 - -19))?
-67
Calculate -193 - (-69 + -93 + 67).
-